{"id":24,"date":"2025-05-02T07:56:48","date_gmt":"2025-05-02T07:56:48","guid":{"rendered":"https:\/\/newpage-it.eu\/?page_id=24"},"modified":"2025-05-02T07:56:48","modified_gmt":"2025-05-02T07:56:48","slug":"impressum","status":"publish","type":"page","link":"https:\/\/newpage-it.eu\/?page_id=24","title":{"rendered":"Impressum"},"content":{"rendered":"\n<p>Angaben zum Unternehmen:<br>Firmenname: NewPage-IT Informatikai Szolg\u00e1ltat\u00f3 Korl\u00e1tolt Felel\u0151ss\u00e9g\u0171 T\u00e1rsas\u00e1g<br>Standort: 2464 Gy\u00far\u00f3, Sz\u00e9chenyi \u00fat 40.<br>Postadresse: 2464 Gy\u00far\u00f3, Sz\u00e9chenyi \u00fat 40.<br>Steuernummer: HU32361641<br>Die Beh\u00f6rde, die das Unternehmen registriert hat: Sz\u00e9kesfeh\u00e9rv\u00e1ri T\u00f6rv\u00e9nysz\u00e9k C\u00e9gb\u00edr\u00f3s\u00e1ga<br>Registrierungsnummer des Unternehmens: 07 09 035015<br>Telefonnummer: +36 30 088 1112<br>E-mail: info@newpage-it.eu<\/p>\n\n\n\n<p>Angaben zum Hosting-Anbieter:<br>Firmenname: Autoweb Kft.<br>Postadresse: 1121 Budapest, M\u00e1rtonhegyi \u00fat 20\/e<br>Telefonnummer: +36 20 9 74 75 76<br>E-mail: \u00a0<a href=\"mailto:autoweb@autoweb.hu\">autoweb@autoweb.hu<\/a><\/p>\n","protected":false},"excerpt":{"rendered":"<p>Angaben zum Unternehmen:Firmenname: NewPage-IT Informatikai Szolg\u00e1ltat\u00f3 Korl\u00e1tolt Felel\u0151ss\u00e9g\u0171 T\u00e1rsas\u00e1gStandort: 2464 Gy\u00far\u00f3, Sz\u00e9chenyi \u00fat 40.Postadresse: 2464 Gy\u00far\u00f3, Sz\u00e9chenyi \u00fat 40.Steuernummer: HU32361641Die Beh\u00f6rde, die das Unternehmen registriert hat: Sz\u00e9kesfeh\u00e9rv\u00e1ri T\u00f6rv\u00e9nysz\u00e9k C\u00e9gb\u00edr\u00f3s\u00e1gaRegistrierungsnummer des Unternehmens: 07 09 035015Telefonnummer: +36 30 088 1112E-mail: info@newpage-it.eu Angaben zum Hosting-Anbieter:Firmenname: Autoweb Kft.Postadresse: 1121 Budapest, M\u00e1rtonhegyi \u00fat 20\/eTelefonnummer: +36 20 9 74 75 76E-mail: [&hellip;]<\/p>\n","protected":false},"author":1,"featured_media":0,"parent":0,"menu_order":0,"comment_status":"closed","ping_status":"closed","template":"","meta":{"footnotes":""},"class_list":["post-24","page","type-page","status-publish","hentry"],"_links":{"self":[{"href":"https:\/\/newpage-it.eu\/index.php?rest_route=\/wp\/v2\/pages\/24","targetHints":{"allow":["GET"]}}],"collection":[{"href":"https:\/\/newpage-it.eu\/index.php?rest_route=\/wp\/v2\/pages"}],"about":[{"href":"https:\/\/newpage-it.eu\/index.php?rest_route=\/wp\/v2\/types\/page"}],"author":[{"embeddable":true,"href":"https:\/\/newpage-it.eu\/index.php?rest_route=\/wp\/v2\/users\/1"}],"replies":[{"embeddable":true,"href":"https:\/\/newpage-it.eu\/index.php?rest_route=%2Fwp%2Fv2%2Fcomments&post=24"}],"version-history":[{"count":1,"href":"https:\/\/newpage-it.eu\/index.php?rest_route=\/wp\/v2\/pages\/24\/revisions"}],"predecessor-version":[{"id":25,"href":"https:\/\/newpage-it.eu\/index.php?rest_route=\/wp\/v2\/pages\/24\/revisions\/25"}],"wp:attachment":[{"href":"https:\/\/newpage-it.eu\/index.php?rest_route=%2Fwp%2Fv2%2Fmedia&parent=24"}],"curies":[{"name":"wp","href":"https:\/\/api.w.org\/{rel}","templated":true}]}}